. Determine l(s).
-5
Let x = -2810 - -2809. Let k(p) = -9*p**2 + 1 - 2*p**2 + 0*p**2 + 4*p**2. Give k(x).
-6
Let k be 176 + -188 + (2 - -13) + 1*-28. Let g(h) = h**2 + 23*h - 21. Give g(k).
29
Let y(r) = r**3 + 7*r**2 + 5*r - 6. Let o be (2898/92)/(1/4). Suppose -15*i - o = 6*i. Determine y(i).
0
Suppose 0 = w, 0 = 4*o + 4*w - 1 - 3. Let m(k) = -o - 24*k - 24*k - 18*k + 68*k. What is m(-1)?
-3
Let t(f) = f**3 + 6*f**2 - 7*f + 1. Let d be (-307)/(-6 + 77/14). Let j = d - 621. Calculate t(j).
1
Suppose -3 = -b + 4. Let o(q) = 4*q + 7 - 13*q + 3 - 7*q**2 + 27*q**2 - 19*q**2. Calculate o(b).
-4
Let p(z) be the third derivative of 0*z - 2/3*z**3 + 51 - 1/24*z**4 - 2*z**2. Give p(-3).
-1
Let p(s) be the second derivative of -25*s**3/6 - 19*s**2/2 + 194*s + 3. Calculate p(3).
-94
Let s(y) = -306*y - 17. Let l be s(-1). Let i = -291 + l. Let v(d) be the first derivative of d**2 - 4. What is v(i)?
-4
Let i(s) = s**3 - 4*s**2 - 7*s - 9. Suppose 1870 = -3*w + 23*w + 1750. Give i(w).
21
Let u(l) = -15*l - 89. Let a be (-14 - -4)*(-9)/(-15). Let n be u(a). Let f(m) = -40*m. Calculate f(n).
-40
Let g(w) = w**2 + 9*w - 29. Suppose 0 = 2*m - 4*f + 24, -6*f + f - 61 = 4*m. What is g(m)?
41
Let f(q) = 10*q**2 - 2*q - 6. Let h be (-50)/18 + (-146)/657. Determine f(h).
90
Let v(q) be the first derivative of q**4/4 - 5*q**2/2 + 6*q - 1108. Calculate v(4).
50
Let m(z) = -51*z**2 - 3*z + 5. Let g(x) = -90*x**2 - 4*x + 10. Let c(w) = -3*g(w) + 5*m(w). Determine c(-1).
13
Suppose 5*t - 5*z = 50, 5*z + 42 = t - 0. Let i(o) be the third derivative of -1/24*o**4 + 7/60*o**5 + 0*o**3 + 0 + 0*o + 14*o**t. What is i(1)?
6
Suppose 14*m - 41*m + 54 = 0. Let a(o) = 0*o - 10*o + 3*o**m - o + 2*o + 5*o. What is a(3)?
15
Let t(n) = -n**3 + 8*n**2 + 5*n - 8. Let r be -4 + 9 - ((-18)/15)/((-3)/(-10)). Determine t(r).
-44
Let l(j) = -j**2 + 8*j - 5. Let y(r) = -3*r**2 + 26*r - 31. Let f be y(7). Determine l(f).
11
Let q be (1/2)/((-4)/16). Let v(u) = -641*u**2 + 2*u + 4. Let g(m) = -639*m**2 + 1. Let r(t) = -g(t) + v(t). Give r(q).
-9
Let z be (19 + 1)*12*(-2)/5. Let r = -95 - z. Let y(g) = -4*g. What is y(r)?
-4
Let k(q) be the third derivative of 11*q**6/720 + q**5/40 - q**4/12 + 29*q**3/6 + 7*q**2 + 7*q. Let l(c) be the second derivative of k(c). Determine l(-2).
-19
Let s(r) be the third derivative of -r**6/120 + r**4/6 + r**3/2 + 2*r**2 - 44*r + 3. What is s(-4)?
51
Let m be (3 + (1 - -2))*1. Let i(j) be the third derivative of j**2 - 11 + 0*j - j**3 + 1/8*j**4. Give i(m).
12
Let g(l) = -l**2 - 4*l**2 - 1795*l + l**2 + l**3 - 5 + 1784*l. Let f = -561 + 567. Give g(f).
1
Let h(a) be the first derivative of a**4/4 + 7*a**3/3 - 8*a**2 - 19*a - 8151. Give h(-8).
45
Let c(w) be the second derivative of 4*w - 2/3*w**3 - 1/12*w**4 - 2*w**2 - 7. What is c(-4)?
-4
Let o(j) = -j**3 - 11*j**2 + j + 4. Let c(b) = b**2 - 11*b + 10. Let z be c(10). Suppose 3*q - 2*f - 2*f + 33 = z, 3*f = -2*q - 22. Calculate o(q).
-7
Let j be (1 + 0)*(-199 - (-16)/8). Let k = j - -199. Let z(i) = 4*i**2 - 7*i + 5. Calculate z(k).
7
Let k(l) = l**3 + 9*l + 1. Let a(i) = 4*i**3 - 6*i**2 + 33*i. Let h(f) = a(f) - 3*k(f). Determine h(4).
-11
Let w(r) = r**3 + 5*r**2 - 124*r + 28. Let h(c) = c**2 - 107*c + 1288. Let p be h(14). Calculate w(p).
0
Let r(j) = -j + 6. Suppose -5*k = -0*p + p + 15, k + 22 = -4*p. Let m = 5 - p. Let c be (m/2 - -4) + -3. Give r(c).
0
Let m(q) = 3*q**2 - 5*q - 6. Let j be -1 + ((-10)/5)/(16/(-40)). What is m(j)?
22
Let h(y) = -y**2 - 6*y + 64. Suppose 1 = 2*c + 33*c + 316. Give h(c).
37
Let k(u) = -2*u + 1. Let d = -7 - -27. Suppose 6*i = 3*i + 69. Suppose 3*v = d - i. Give k(v).
3
Let c(n) = -4*n**3 + 20*n - 33. Let o be c(6). Let i = o + 773. Let p(u) = u - 3. What is p(i)?
-7
Let k = 258 - 241. Let m = -22 + k. Let q(p) = p**3 + 3*p**2 - 5*p - 3. What is q(m)?
-28
Let h(f) be the first derivative of 1/3*f**3 + 45 - 5/2*f**2 - 2*f. Calculate h(6).
4
Let s(f) = -3*f**3 - 4*f**2 + 5*f + 1. Suppose 94*m - 125*m - 316 = 127*m. What is s(m)?
-1
Let k(i) be the third derivative of i**4/24 - 2*i**3/3 + 2*i**2. Let l be 4 - (-7 + -2)/9. Suppose 6*m - 19 - l = 0. Give k(m).
0
Let o(t) be the third derivative of -t**4/12 - t**3/3 + 4*t**2 - 2. Let i(c) = c + 1. Let k(x) = -5*i(x) - 3*o(x). Give k(-12).
-11
Let p(s) = -57*s**2 + 33*s**2 + 0*s - 5 + 0*s**3 + s**3 - s + 22*s**2. Determine p(3).
1
Let j(w) = -w**3 - 11*w**2 - 18*w - 354. Let z be j(-12). Let t(o) = -12*o + 62. Calculate t(z).
-10
Let p = -245 - -262. Let b(d) = -p + 13 + 4 + 3*d + 41. Calculate b(-13).
2
Let f(a) = a - 5. Let w(j) = 2*j - 14. Suppose 0 = -6*y - 48 - 60. Let q be 4/y - 784/(-126). Let b(u) = q*w(u) - 17*f(u). Determine b(-1).
6
Suppose 1033 = 8*q + 745. Let m(t) = 5*t - q - 7*t + 57. What is m(9)?
3
Let v(c) = -6*c**3 + 5*c - 2 + 4*c**3 + 3*c**3 + 6*c**2. Let a(i) = -27*i**2 - 98*i + 36. Let q be a(-4). Determine v(q).
10
Let p = 59 - 56. Suppose 0 = 5*z + r - 2*r - 7, 4*z = -p*r + 17. Let x(i) = 3 + i**z + 7 - 25*i + 16*i. Determine x(7).
-4
Let u(y) = -7*y + 60. Let d = -1107 + 1115. Give u(d).
4
Suppose -5*b - 107*b = 14*b + 4914. Let a(m) = 2*m**3 + 77*m**2 - 39*m - 6. Calculate a(b).
-6
Let u(g) = 15*g + 7. Let k(q) = -2*q**2 + 15*q + 129. Let f be k(-5). What is u(f)?
67
Let g(w) = -w**2 + 31*w - 90. Suppose 2604 = 223*i - 130*i. Give g(i).
-6
Let f(l) = -l**3 + 3*l**2 - l + 2. Suppose -3*v + 6 + 3 = 0. Suppose -v*q - 2*y = 3*y - 34, 3*q + 4*y = 29. Calculate f(q).
-1
Let l(k) = -8 + 4*k - k**3 + 20 - 5*k - 11 - 7. Let s = -6 - -11. Suppose -4*p = -2*p - 2*b - 10, s*b + 25 = 3*p. What is l(p)?
-6
Let j = 14 + -8. Let r = -291 - -299. Let c(x) = x - 653 - 4*x + 661 - x**2 + r*x. What is c(j)?
2
Let f(i) = -i - 35. Let g(v) = v**2 - 6*v - 22. Let n be g(6). Let z = 22 + n. Calculate f(z).
-35
Let i(j) = j - 18. Let k be i(21). Let r(d) = -6*d + 31*d**2 + d**k - 42*d**2 + 18*d - 8 - 2*d**3. Give r(-12).
-8
Let i(z) = 162*z - 2. Let q be i(1). Let c = q + -161. Let s(u) = u + 14*u**3 + u**2 + 2 - 15*u**3 - 2*u - 3. Give s(c).
2
Let j(r) = 9 - 22 - 6*r + r + 9. Let y(w) = 7*w**2 + w - 1. Let s be y(1). Suppose 5*d - 9*d = 3*z + s, 0 = -2*d - 3*z + 1. Give j(d).
16
Let y = 64 - 64. Let f be 15 - 12 - ((-2 - -4) + y). Suppose 4 - f = u. Let s(i) = -i + 3. Determine s(u).
0
Let b(l) = l**3 + 4*l**2 - 5*l. Let d be b(-5). Let u(a) = d - 4*a - 5 - 1 + a**2. Let w = 71 + -66. What is u(w)?
-1
Let o(l) be the first derivative of l**5/20 - l**3/3 + 3*l**2/2 - 43*l - 44. Let d(j) be the first derivative of o(j). What is d(2)?
7
Let z(b) = -b**2 - 2*b - 2. Let c be z(-4). Let j(i) = 41*i**2 - 11 + 9*i + 37*i**2 + 36*i**2 - 113*i**2 - 2. Calculate j(c).
-3
Let u(c) = 7*c - 1. Let r = 287 - 489. Let a = r + 201. What is u(a)?
-8
Let z(b) = b**3 - 2*b**2 + 26*b - 91. Let y be z(3). Let g(r) = 11*r + 9. Let q(x) = -6*x - 5. Let c(i) = -4*g(i) - 7*q(i). Calculate c(y).
7
Let d(c) = -594 - 45*c + 0*c + 1044 + 7*c. What is d(12)?
-6
Let p(i) be the second derivative of i**3 - 51*i**2/2 - 20*i + 11. Give p(7).
-9
Suppose 0 = 23*d - 31*d + 96. Let y(x) = 10 + 14*x - 42*x + d*x + 18*x. Give y(-7).
-4
Let f be ((-66)/(-12) + 3)*(-36)/18. Let r(w) = w**3 + 14*w**2 - 53*w - 22. What is r(f)?
12
Suppose 61*v = 159*v - 784. Let y(n) = -n**2 + 13*n - 34. Determine y(v).
6
Let y(a) = -a**3 - 4*a**2 - 5*a - 6. Let h be y(-3). Let g(o) = -13*o**2 + 5*o + 24. Let s(i) = -6*i**2 + 2*i + 12. Let p(m) = -4*g(m) + 9*s(m). What is p(h)?
12
Let f(l) = 4 + 0 - l**3 - 3*l - 12 - 10*l**2 - 7*l. Suppose 0 = 4*q + 358 - 322. Determine f(q).
1
Let j(r) = -3*r - 97. Suppose -f = -u - 12 - 23, 5*u - 4*f + 173 = 0. What is j(u)?
2
Let m(x) = x**3 + 5*x**2 + 7*x + 4. Suppose -8*q + 168 = -q. Let j(g) = -g - 40 + q + 28. Let y be j(16). Determine m(y).
-8
Let u(s) = 2*s**3 - 2*s**2 + s - 5. Let r be u(2). Let w(y) = 2 + y + 2 + r. Calculate w(-7).
2
Let o(p) = 22*p**3 + 86*p**2 + 472*p - 169. Let n(b) = -49*b**3 - 194*b**2 - 1062*b + 380. Let j(s) = 9*n(s) + 20*o(s). Give j(-20).
0
Let w(p) = 3*p - 5 + 3*p**2 - p**3 - 6 - 5 + 3*p**2. Suppose 0 = 44*c + 117*c - 39*c - 732. Calculate w(c).
2
Suppose -6*g = 8*g - 3276. Let v(n) = g + 0*n - 235 - 6*n. Suppose 7*q + 26 = 5. Calculate v(q).
17
Let z(b) = -3*b**3 + 7*b**2 + 3*b + 29. Let q(i) = 11*i**3 - 26*i**2 